 2*b + 3*b**3 - 1 + 5*b**3. Let k be 3/2 + 2/(-4). What is the units digit of d(k)?
8
Let l(t) = -t**2 - 17*t - 8. Let m be l(-16). Let h = -7 + m. What is the units digit of h?
1
Suppose 98 = 5*f - 12. Let b = 27 - f. What is the units digit of b?
5
Suppose 3*f + 4*a - 14 = -7, -a + 16 = -4*f. Let t be f*2*(-1)/2. Suppose -3*o + 1 = -t*m + 4, -4*o + 6 = m. What is the units digit of m?
2
Suppose 2*u = -3*g - 264, 3*g - 4*g - 2*u - 92 = 0. Let c = 123 + g. What is the tens digit of c?
3
Let u(f) = 10*f**2 + f + 2. What is the tens digit of u(-3)?
8
Let t(j) = -3*j**3 + 12*j**2 + 2*j - 9. Let h(g) = -g**3 + g**2 - g. Let q(r) = -4*h(r) + t(r). Let b be q(-7). What is the units digit of b*((-3)/2 + -3)?
9
Suppose g - 5*i = 14, 2*i = -5*g + i + 70. Let x = g + 13. What is the tens digit of x?
2
What is the tens digit of ((-3)/(12/(-286)))/((-2)/(-4))?
4
Let y = 52 - 34. What is the tens digit of y?
1
Let k(o) be the first derivative of o**4/4 + 4*o**3/3 + o**2/2 + 4*o + 2. Let l be k(-4). Suppose 0 = -l*q + 4*q - 68. What is the tens digit of q?
1
Let k(u) = -4 - 2 - 2 + u**2 + 9*u. Let g be k(-10). Suppose 0 = 2*h - 2, 2*h - 8 = -g*c. What is the units digit of c?
3
Suppose 0 = 4*a - 138 - 30. What is the tens digit of a?
4
Let p = -7 + 13. Let v(l) = l**3 - 6*l**2 - 2*l + 8. Let r be v(p). Let u(m) = -2*m - 3. What is the units digit of u(r)?
5
Let r(p) = p**3 - 8*p**2 + 2*p - 11. Let a be r(8). What is the units digit of (0 + -1 - -2)*a?
5
Suppose 0*g - 115 = -5*g. What is the tens digit of (g/4)/(1/4)?
2
Let x(m) = 11*m**3 + 4*m**2 - m + 5. What is the tens digit of x(2)?
0
Let f = 19 + -5. What is the units digit of f?
4
Let m(v) be the second derivative of v**4/12 - v**2/2 + 2*v. What is the units digit of m(-2)?
3
Suppose -3 = -x + 4. Suppose 4*h + x = -25. What is the units digit of ((-14)/h)/((-2)/(-8))?
7
Suppose -4*a + 8*a - 236 = 0. What is the units digit of a?
9
Let r(o) = o**2 + 7*o - 2. Let y(j) = j + 3. Let u be y(-8). Let k be r(u). What is the units digit of k/(-5)*30/9?
8
Suppose 0*p + p = 4. Let v be p/(-22) + 48/22. Suppose -v*h + 26 = 2*k, 0 = -3*k + 5*h + 11 + 12. What is the units digit of k?
1
What is the tens digit of 226/4 - 1/2?
5
Let d = 11 - 9. Suppose -u = -0*u - 2. Suppose -4*k - 3 = u*h + 11, -d = 2*h + k. What is the units digit of h?
1
Let l = -9 + 5. Let d be (l/(-5))/(1/(-5)). What is the units digit of (d/1)/((-4)/6)?
6
Let v be 0 - 8/(-12)*3. Suppose -5*t + 16 = v*j, -3*j - 2*t - 2*t = -31. What is the tens digit of j?
1
Suppose j - 4*k - 10 - 21 = 0, -j + 3*k = -35. What is the units digit of j?
7
Let x be ((-5)/(-10))/(2/200). Let l = x + -24. What is the units digit of l?
6
Suppose 4*f - 4 = p, 3*p = -f - 0 + 1. What is the units digit of f?
1
Let u(t) = -8*t - 1. Let a(g) = 7*g + 1. Let y(f) = 6*a(f) + 5*u(f). Suppose -2*l = 2*l - 20. What is the tens digit of y(l)?
1
Let i = -8 - -1. Let z = i - -12. Suppose -b - 2 + z = 0. What is the units digit of b?
3
Suppose 2*x - 49 - 13 = 0. What is the units digit of x?
1
What is the units digit of (11/(33/1146))/(2 - 0)?
1
Let c(z) = -6*z**3 - 2*z**2 - 5*z + 2. Let j(i) = -13*i**3 - 5*i**2 - 11*i + 5. Let s(b) = -5*c(b) + 2*j(b). What is the tens digit of s(2)?
3
Suppose -5*v = 5, 77 = 4*f - v - 28. What is the tens digit of f?
2
Let j = 34 + -16. What is the tens digit of j?
1
Let v(p) = -3 - p + 0 + 4*p. Suppose 4*q + 5*r + 2 = -2, -3*q + 4*r + 28 = 0. What is the units digit of v(q)?
9
Let y(i) = 2*i**3 + 7*i**2 - 2*i - 5. What is the units digit of y(-3)?
0
Let b(i) = -i - 10. Let j be b(-5). Let r be j/2 + 4/8. What is the units digit of (2 - (2 - -2))/r?
1
Let m = -8 + 8. Suppose m*z = -5*z + 30. What is the units digit of z?
6
Suppose -s - 2*c - 42 = c, 5*s + 4*c + 210 = 0. Let t = s + 65. What is the units digit of t?
3
Suppose 8 - 3 = s. Let l = 14 - 8. Suppose -s*g = -l*g + 3. What is the units digit of g?
3
What is the units digit of 130 + (12/(-7) - (-8)/(-28))?
8
Let n = -9 + 8. What is the units digit of (0 - (n + 4)) + 14?
1
Suppose t + 2*t - 117 = 0. Suppose -3*h + 6 + 103 = 5*i, t = h - i. What is the units digit of h?
8
Let s(f) = f**2 + 4*f - 5. Let k be s(-5). Suppose -4*w = -k*w - 32. Suppose -2*o + w + 22 = 0. What is the units digit of o?
5
Suppose 5*d - 4*u = 3*d - 10, -2*u = -2*d - 10. Let w be (4/16 + 6/8)*10. What is the units digit of ((-14)/d)/(w/25)?
7
Let l be (3/2)/((-1)/(-8)). Suppose 2*q = -4*d - l, 4*q - 20 = d + 2*d. Suppose q*o = 2*s + 14, -3*s - 16 = -o + s. What is the units digit of o?
4
Let q(w) = w**2 - w - 5. Let j = -7 + 13. Let s be q(j). Suppose 3*i + 11 = -2*l - 2*i, -s = 5*i. What is the units digit of l?
7
Let u = 17 + -11. Suppose 0 = -u*r + 2*r + 20. What is the units digit of r?
5
What is the units digit of (3 + -108)/(-3) - 4?
1
Let k be (15/(-20))/(2/184). Let r = -44 - k. What is the units digit of r?
5
Let k be (-132)/(-13) - 8/52. Let s be (k/15)/(2/(-6)). Let x = s - -6. What is the units digit of x?
4
Let j = -17 + 29. Let f = j + -11. What is the units digit of -20*f/(1/(-1))?
0
What is the units digit of ((-13)/2)/(1/(-2))?
3
Suppose -5*p - 19 = 4*m - 7*m, -3*p - 3 = m. Let l be p/(-1) + 1 + -1. Suppose 0 = l*h - 3 - 1. What is the units digit of h?
2
Let z(d) be the first derivative of d**4/4 - 4*d**3/3 + 3*d + 2. Let b(y) = y**2 - 2*y - 4. Let j be b(4). What is the units digit of z(j)?
3
What is the tens digit of (-1 - 4/(-2))*1 + 142?
4
Let d = -61 + 107. What is the tens digit of d?
4
Let s = 77 - 31. What is the units digit of s?
6
Let w(f) = -f**2 - f. Let q(b) = 7*b**2 + 18*b + 9. Let u(g) = -q(g) - 6*w(g). What is the tens digit of u(-10)?
1
Suppose -3*c + w + 635 = 0, 4*c = -2*w + 3*w + 845. What is the units digit of c?
0
Let t be ((-3)/6)/(4/(-704)). Suppose 5*c - 4*y = 164, -c - 5*y - t = -4*c. What is the units digit of c?
6
Suppose 15*n = 10*n + 340. Suppose 0 = j - 5*j + n. What is the units digit of j?
7
Let x = -25 + 15. Let n = x - -19. What is the units digit of n?
9
Let b(c) = 3*c**3 - 3*c**2 - c + 2. Let q be (0 - 1)*(1 - 3). What is the units digit of b(q)?
2
Let j = -10 - -28. Suppose -3*h + 2*h = 2*r + j, r - 4*h + 9 = 0. Let z = r + 16. What is the units digit of z?
7
Suppose -h + 5 = -10. Let r = -9 + h. Let z = r + -3. What is the units digit of z?
3
Suppose 6 = -0*l + 2*l. Suppose g - 16 = -h + 2*g, 44 = l*h - 2*g. What is the tens digit of h?
1
Let v be (3 + -4)*1 + 5. Suppose -q = -4*p - 25, 0*q - v*q = -4*p - 40. What is the units digit of (8/q)/(1/5)?
8
What is the tens digit of 2/(-4)*1*-290?
4
Suppose -296 = -11*g - 98. What is the tens digit of g?
1
Let i(m) = 126*m**3 - m. What is the tens digit of i(1)?
2
Let x(c) = -c**3 - 9*c**2 + c - 17. What is the tens digit of x(-10)?
7
Suppose -2*s - 4*m + 18 = -0*m, -2*m = -2. Suppose -s = -2*l + 7. What is the units digit of l?
7
Suppose -s - 3*s + 136 = 0. What is the tens digit of s?
3
Let l(m) = 6*m**2 + 19*m + 59. What is the tens digit of l(-8)?
9
Let l be (2/5 - 0)*15. Suppose -3*y + l*y - 3*u - 24 = 0, 2*u = -2*y - 4. Suppose -2 = -5*v + y. What is the units digit of v?
1
Suppose 4*c = 4*z + 8, -4*c - 4*z = -3*c - 7. Suppose c*g - 5*a = 15, -2 = -3*g + 3*a + 7. Suppose g*t + 2*t = 32. What is the tens digit of t?
1
Let o(q) = -2*q**3 - 11*q**2 - 13*q + 3. What is the hundreds digit of o(-6)?
1
Suppose 4*c + 5*q + 2 + 1 = 0, 0 = -2*q - 6. Let o(j) = -j**2 - 2*j - 1. Let x be o(c). Let l = -4 - x. What is the units digit of l?
2
Suppose 2*r = -2*r + 20. Let z(k) = 4*k. Let n(w) = -3*w. Let q(p) = r*n(p) + 4*z(p). What is the units digit of q(10)?
0
Let i be 1/(-4) + (-68)/(-16). Suppose -i*b + 2 + 42 = 0. What is the tens digit of b?
1
Let z = -2 + -19. Let t = -5 - z. What is the units digit of t?
6
Suppose 2*v - 8 = -3*m, 5*m - 8 = 2*v + 16. Let s be (17 - 3)*v/(-4). Suppose 5*a - 8 = -2*u, 2*a - 3*u = 7*a - s. What is the units digit of a?
2
Let a be ((-40)/(-12))/((-2)/(-3)). Suppose 5*u - 5*o - 10 = 0, 8*u = 4*u + a*o + 6. What is the units digit of u?
4
Let v(x) = 5*x**3 - 2. What is the units digit of v(2)?
8
Let q(y) = 51*y**3 - y**2 - 4*y + 3. What is the units digit of q(1)?
9
Let f = 0 - 0. Suppose f = -g + 3 + 10. What is the units digit of g?
3
Let a(s) = 10*s**3 + 1. Let q be a(-1). Let d be (q/(-